{"id":1178,"date":"2026-03-06T07:19:20","date_gmt":"2026-03-06T07:19:20","guid":{"rendered":"https:\/\/cogitijaen.adasistemas.com\/?page_id=1178"},"modified":"2026-06-09T07:44:53","modified_gmt":"2026-06-09T07:44:53","slug":"historia-del-colegio","status":"publish","type":"page","link":"https:\/\/cogitijaen.adasistemas.com\/index.php\/historia-del-colegio\/","title":{"rendered":"Historia del Colegio"},"content":{"rendered":"<div class=\"fusion-fullwidth fullwidth-box fusion-builder-row-1 fusion-flex-container has-pattern-background has-mask-background nonhundred-percent-fullwidth non-hundred-percent-height-scrolling\" style=\"--awb-border-radius-top-left:0px;--awb-border-radius-top-right:0px;--awb-border-radius-bottom-right:0px;--awb-border-radius-bottom-left:0px;--awb-flex-wrap:wrap;\" ><div class=\"fusion-builder-row fusion-row fusion-flex-align-items-flex-start fusion-flex-content-wrap\" style=\"max-width:1216.8px;margin-left: calc(-4% \/ 2 );margin-right: calc(-4% \/ 2 );\"><div class=\"fusion-layout-column fusion_builder_column fusion-builder-column-0 fusion_builder_column_1_1 1_1 fusion-flex-column\" style=\"--awb-bg-size:cover;--awb-width-large:100%;--awb-margin-top-large:0px;--awb-spacing-right-large:1.92%;--awb-margin-bottom-large:15px;--awb-spacing-left-large:1.92%;--awb-width-medium:100%;--awb-order-medium:0;--awb-spacing-right-medium:1.92%;--awb-spacing-left-medium:1.92%;--awb-width-small:100%;--awb-order-small:0;--awb-spacing-right-small:1.92%;--awb-spacing-left-small:1.92%;\"><div class=\"fusion-column-wrapper fusion-column-has-shadow fusion-flex-justify-content-flex-start fusion-content-layout-column\"><div class=\"fusion-text fusion-text-1\"><p style=\"text-align: justify; \">Se inicia el 26 de noviembre de 1.944, como Delegaci\u00f3n de la Asociaci\u00f3n Nacional de Peritos e Ingenieros T\u00e9cnicos Industriales de Espa\u00f1a. Delegaci\u00f3n Ja\u00e9n-Granada. Dicha Delegaci\u00f3n ten\u00eda sede en Linares e inclu\u00eda las subdelegaciones de Ja\u00e9n y Granada, siendo su primer presidente D. \u00c1ngel Rodr\u00edguez de Dios (1944\u20131945) y su continuador D. Antonio L\u00f3pez Mazas.<\/p>\n<p style=\"text-align: justify; \">   El 26 de marzo de 1.958 en Sevilla, se constituye la Asociaci\u00f3n Nacional de Peritos Industriales, Agrupaci\u00f3n de Andaluc\u00eda, y el d\u00eda 13 del mes de abril de ese a\u00f1o, se produce la constituci\u00f3n del Colegio Oficial de Peritos Industriales de Sevilla y nombramiento de su primera Junta de Gobierno, en la que aparece D. Francisco Amador S\u00e1nchez como Delegado-Presidente de Linares.<\/p>\n<p style=\"text-align: justify; \">   El 2 de junio de 1.958, se acuerda constituir las Delegaciones de Ja\u00e9n y Granada, manteniendo la de Linares, que funcionar\u00eda independientemente de las anteriores; es decir, la antigua Delegaci\u00f3n de Ja\u00e9n y Granada con sede en Linares, se desdobla en tres Delegaciones:<\/p>\n<ul>\n<li style=\"text-align: justify; \">Delegaci\u00f3n de Ja\u00e9n (con jurisdicci\u00f3n capital y provincia, excepto Linares), y cuyos primeros presidentes, a partir de 1958, fueron D. Jos\u00e9 Pablo \u00c1lamo Berzosa y D. Antonio Calahorro Garc\u00eda y, posteriormente, D. Ram\u00f3n Calatayud Sierra, (1960-1970), D. Luis Gea Cobo (1970-1975) y, por \u00faltimo, D. Antonio P\u00e9rez Valenzuela (1975-1985).<\/li>\n<li style=\"text-align: justify; \">Delegaci\u00f3n de Granada (con jurisdicci\u00f3n sobre capital y provincia).<\/li>\n<li style=\"text-align: justify; \">Delegaci\u00f3n de Linares (con jurisdicci\u00f3n sobre su partido judicial) y cuyo primer presidente de esta nueva situaci\u00f3n fue D. Francisco Amador S\u00e1nchez (1958) y, posteriormente, D. Jos\u00e9 Conesa Rodr\u00edguez (1958-1962), D. Francisco Reche Rus (1962-1965), D. Juan Serrano Soria (1965-1970), D. Bernardo L\u00f3pez Megino (1970-1976) y por \u00faltimo, D. Juan B. Lillo Gallego (1976-1985).<\/li>\n<\/ul>\n<p style=\"text-align: justify; \">   Estas tres delegaciones funcionar\u00edan dependiendo de Sevilla con sus presidentes como vocales natos de la Junta de Gobierno del Colegio de Sevilla.<\/p>\n<p style=\"text-align: justify; \">   Fue en 1984, bajo la presidencia en la Delegaci\u00f3n de Ja\u00e9n de D. Antonio P\u00e9rez Valenzuela, cuando nos segregamos del Colegio de Sevilla y se cre\u00f3 el Ilustre Colegio Oficial de Ingenieros T\u00e9cnicos Industriales de la Provincia de Ja\u00e9n (Agrupaci\u00f3n Linares-Ja\u00e9n), seg\u00fan Decreto 104\/1986 de 11 de junio.<\/p>\n<p style=\"text-align: justify; \">   En aquellos tiempos el Colegio contaba con 600 colegiados, 391 Delegaci\u00f3n de Ja\u00e9n; 209 Delegaci\u00f3n de Linares.<\/p>\n<p style=\"text-align: justify; \">   Se establecen los Estatutos del Colegio que son aprobados en actas del Consejo General de Colegios del 26\/3\/88 y 28\/5\/88.<\/p>\n<p style=\"text-align: justify; \">   El Consejo de Colegios Andaluces funciona desde el a\u00f1o 1.985 en que se inicia nuestra autonom\u00eda colegial, pero con la denominaci\u00f3n de Intercolegial Andaluza. Se decide llamarse Consejo de Colegios, y nuestro Colegio se adhiere, seg\u00fan acta y certificado de 16\/5\/92.<\/p>\n<p style=\"text-align: justify; \">   El 26 de marzo de 1985, y ya creado el Colegio como se ha indicado, toma posesi\u00f3n como Primer Decano del mismo D. Antonio P\u00e9rez Valenzuela.<\/p>\n<p style=\"text-align: justify; \">   Durante este per\u00edodo, nuestro Colegio cont\u00f3 con dos delegaciones:<\/p>\n<ul>\n<li style=\"text-align: justify; \">Delegaci\u00f3n de Ja\u00e9n. Fue su primer presidente D. Carlos A. Carrillo Garc\u00eda (1985-2003) (que cogi\u00f3 la presidencia que dej\u00f3 D. Domingo Aspizua S\u00e1enz, que lo era en ese momento en funciones).<\/li>\n<li style=\"text-align: justify; \">Delegaci\u00f3n de Linares. Su primer presidente en esta nueva situaci\u00f3n fue, D. Juan B. Lillo Gallego (1985-1995), que ya lo ven\u00eda ejerciendo, y posteriormente D. Silvestre Rodr\u00edguez Garc\u00eda (1995-2002), D. Julio Delgado G\u00f3mez (2002-2004),  D. Ignacio Mula Sanz (2004-2015), D\u00aa Linarejos Gin\u00e9s Gonz\u00e1lez, como Presidenta en funciones, tras la dimisi\u00f3n del Sr, Mula (2016), siendo precedida por D. Bartolom\u00e9 Soriano Bautista, en funciones desde 2016 hasta las elecciones del 2017 en que entr\u00f3 como Presidente electo.<\/li>\n<\/ul>\n<p style=\"text-align: justify; \">   El B.O.E. del d\u00eda 1 de febrero de 2.003, publica el Real Decreto 104\/2003 de 24 de enero, por el que se aprueban los Estatutos Generales de Colegios de Peritos e Ingenieros T\u00e9cnicos Industriales y de su Consejo General.<\/p>\n<p style=\"text-align: justify; \">   La peculiar estructura organizativa que ten\u00eda el Colegio de la provincia de Ja\u00e9n, desde su constituci\u00f3n, permit\u00eda que, como hasta ahora, coexistieran dos delegaciones agrupadas, una de ellas en Linares, y otra en la misma demarcaci\u00f3n de la capital de la provincia. Con los nuevos Estatutos Generales, esta \u00faltima delegaci\u00f3n, la de Ja\u00e9n, no pudo seguir existiendo.<\/p>\n<p style=\"text-align: justify; \">   A partir de esta fecha, y en aplicaci\u00f3n de la norma a la actual situaci\u00f3n, el Colegio provincial con la nueva denominaci\u00f3n de \u201cIlustre Colegio Oficial de Ingenieros T\u00e9cnicos Industriales de Ja\u00e9n\u201d, con sede en Ja\u00e9n capital, seguir\u00e1 cumpliendo sus funciones corporativas, asumiendo, por la impuesta desaparici\u00f3n de la Delegaci\u00f3n de Ja\u00e9n, todas las funciones que \u00e9sta ven\u00eda desempe\u00f1ando de atenci\u00f3n y prestaci\u00f3n de servicios corporativos y estatutarios a los colegiados, y manteni\u00e9ndose la Delegaci\u00f3n de Linares con las funciones y prestaci\u00f3n de servicios a los colegiados inscritos en su demarcaci\u00f3n, como hasta ahora por delegaci\u00f3n del Colegio provincial.<\/p>\n<p style=\"text-align: justify; \">   Desde su constituci\u00f3n, se han celebrado puntualmente elecciones colegiales para los cargos de Junta de Gobierno por periodos de 4 a\u00f1os.<\/p>\n<p style=\"text-align: justify; \">   El 20 de marzo de 2009 toma posesi\u00f3n como Decano del Ilustre Colegio Oficial de Ingenieros T\u00e9cnicos Industriales de Ja\u00e9n, D. Miguel \u00c1ngel Puebla Hernanz, hasta 2017, en que toma el relevo D. Pedro M. Garc\u00eda Molina, tras la celebraci\u00f3n elecciones.<\/p>\n<\/p>\n<p style=\"text-align: justify; \">   En 16 de enero de 2018 se produjo el fallecimiento de D. Pedro M. Garc\u00eda Molina, por lo que, tras la celebraci\u00f3n de Junta de Gobierno de 19 de enero y en cumplimiento de lo establecido en los Estatutos Particulares del Colegio, asume las atribuciones de Decano D. Rafael Fern\u00e1ndez Mesa. <\/p>\n<p style=\"text-align: justify; \">   El \u00e1mbito de actuaci\u00f3n y el espectro de servicios que presta el Colegio es ampl\u00edsimo. En la actualidad funcionan las siguientes SECCIONES permanentes de:<\/p>\n<ul>\n<li style=\"text-align: justify; \">Ejercicio Libre<\/li>\n<li style=\"text-align: justify; \">Vinculados a Empresas<\/li>\n<li style=\"text-align: justify; \">Posgraduado y Formaci\u00f3n<\/li>\n<li style=\"text-align: justify; \">Bolsa de Trabajo<\/li>\n<li style=\"text-align: justify; \">Funci\u00f3n P\u00fablica<\/li>\n<li style=\"text-align: justify; \">Ense\u00f1anza Universitaria y No Universitaria<\/li>\n<li style=\"text-align: justify; \">Relaciones Institucionales<\/li>\n<li style=\"text-align: justify; \">M.U.P.I.T.I. Actividades Sociales,  Culturales y Deportivas<\/li>\n<li style=\"text-align: justify; \">Protocolo y Distinciones<\/li>\n<li style=\"text-align: justify; \">Seguros<\/li>\n<li style=\"text-align: justify; \">Nuevas Tecnolog\u00edas<\/li>\n<\/ul>\n<p style=\"text-align: justify; \">   Cuentan sus colegiados con otros servicios:<\/p>\n<\/p>\n<ul>\n<li style=\"text-align: justify; \">Secretar\u00eda T\u00e9cnica<\/li>\n<li style=\"text-align: justify; \">Biblioteca<\/li>\n<li style=\"text-align: justify; \">P\u00e1gina Web.<\/li>\n<li style=\"text-align: justify; \">Seguro de Responsabilidad Civil<\/li>\n<\/ul>\n<p style=\"text-align: justify; \">   Adem\u00e1s, los colegiados reciben la Revista nacional \u00abT\u00c9CNICA INDUSTRIAL\u00bb.<\/p>\n<p style=\"text-align: justify; \">   En su actividad ordinaria de funcionamiento, relaciones, acciones, y tareas del Colegio, institucionalmente se realizan visitas de \u00edndole social, cultural o t\u00e9cnica en Diputaciones, Ayuntamientos, Delegaci\u00f3n de Industria, Universidad, y otros Organismos Oficiales, as\u00ed como a entidades bancarias a efectos de convenios y coordinaci\u00f3n de determinadas funciones colegiales y de nuestros profesionales.<\/p>\n<p style=\"text-align: justify; \">   As\u00ed, tenemos establecido convenio con la Universidad, con el Excmo. Ayuntamiento de Ja\u00e9n y con la \u00abFundaci\u00f3n T\u00e9cnica Industrial\u00bb. Las relaciones con instituciones, como Ayuntamiento, Delegaciones provinciales etc., as\u00ed como con la Consejer\u00eda y con la que, fundamental y oficialmente, se relaciona nuestro Colegio, son la constante en el funcionamiento, desarrollo y trabajo diario de nuestra vida corporativa.<\/p>\n<p style=\"text-align: justify; \">   Las relativas a los asuntos que pueden dar trabajo para nuestros colegiados que, en definitiva, es la funci\u00f3n principal hoy del Colegio, es decir, defender la profesi\u00f3n, con la organizaci\u00f3n descrita, conseguir\u00e1n m\u00e1s trabajo y seguridad para nuestro colectivo.<\/p>\n<p style=\"text-align: justify; \">   Actualmente el Colegio est\u00e1 seriamente implicado en la defensa de su profesi\u00f3n, dentro de su vinculaci\u00f3n tambi\u00e9n con al U.A.I.T.I.E. (Uni\u00f3n de Asociaciones de Ingenieros T\u00e9cnicos Industriales de Espa\u00f1a), ante los cambios legislativos relacionados con su titulaci\u00f3n, y las nuevas configuraciones de T\u00edtulo de Grado y Postgrado que se nos vienen imponiendo por directrices de la Comunidad Europea.<\/p>\n<p style=\"text-align: justify; \">      En conclusi\u00f3n, nuestro Colegio es una gran familia, con ideas y pensamientos colegiales comunes: El Colegio es de todos y con el fin \u00faltimo de dar un servicio a la sociedad, haciendo Colegio PARTICIPAMOS TODOS.<\/p>\n<\/div><\/div><\/div><\/div><\/div>\n","protected":false},"excerpt":{"rendered":"","protected":false},"author":1,"featured_media":0,"parent":0,"menu_order":0,"comment_status":"closed","ping_status":"closed","template":"","meta":{"footnotes":""},"class_list":["post-1178","page","type-page","status-publish","hentry"],"_links":{"self":[{"href":"https:\/\/cogitijaen.adasistemas.com\/index.php\/wp-json\/wp\/v2\/pages\/1178","targetHints":{"allow":["GET"]}}],"collection":[{"href":"https:\/\/cogitijaen.adasistemas.com\/index.php\/wp-json\/wp\/v2\/pages"}],"about":[{"href":"https:\/\/cogitijaen.adasistemas.com\/index.php\/wp-json\/wp\/v2\/types\/page"}],"author":[{"embeddable":true,"href":"https:\/\/cogitijaen.adasistemas.com\/index.php\/wp-json\/wp\/v2\/users\/1"}],"replies":[{"embeddable":true,"href":"https:\/\/cogitijaen.adasistemas.com\/index.php\/wp-json\/wp\/v2\/comments?post=1178"}],"version-history":[{"count":3,"href":"https:\/\/cogitijaen.adasistemas.com\/index.php\/wp-json\/wp\/v2\/pages\/1178\/revisions"}],"predecessor-version":[{"id":3327,"href":"https:\/\/cogitijaen.adasistemas.com\/index.php\/wp-json\/wp\/v2\/pages\/1178\/revisions\/3327"}],"wp:attachment":[{"href":"https:\/\/cogitijaen.adasistemas.com\/index.php\/wp-json\/wp\/v2\/media?parent=1178"}],"curies":[{"name":"wp","href":"https:\/\/api.w.org\/{rel}","templated":true}]}}

<div class="fusion-fullwidth fullwidth-box fusion-builder-row-1 fusion-flex-container has-pattern-background has-mask-background nonhundred-percent-fullwidth non-hundred-percent-height-scrolling" style="--awb-border-radius-top-left:0px;--awb-border-radius-top-right:0px;--awb-border-radius-bottom-right:0px;--awb-border-radius-bottom-left:0px;--awb-flex-wrap:wrap;" ><div class="fusion-builder-row fusion-row fusion-flex-align-items-flex-start fusion-flex-content-wrap" style="max-width:1216.8px;margin-left: calc(-4% / 2 );margin-right: calc(-4% / 2 );"><div class="fusion-layout-column fusion_builder_column fusion-builder-column-0 fusion_builder_column_1_1 1_1 fusion-flex-column" style="--awb-bg-size:cover;--awb-width-large:100%;--awb-margin-top-large:0px;--awb-spacing-right-large:1.92%;--awb-margin-bottom-large:15px;--awb-spacing-left-large:1.92%;--awb-width-medium:100%;--awb-order-medium:0;--awb-spacing-right-medium:1.92%;--awb-spacing-left-medium:1.92%;--awb-width-small:100%;--awb-order-small:0;--awb-spacing-right-small:1.92%;--awb-spacing-left-small:1.92%;"><div class="fusion-column-wrapper fusion-column-has-shadow fusion-flex-justify-content-flex-start fusion-content-layout-column"><div class="fusion-text fusion-text-1"><p style="text-align: justify; ">Se inicia el 26 de noviembre de 1.944, como Delegación de la Asociación Nacional de Peritos e Ingenieros Técnicos Industriales de España. Delegación Jaén-Granada. Dicha Delegación tenía sede en Linares e incluía las subdelegaciones de Jaén y Granada, siendo su primer presidente D. Ángel Rodríguez de Dios (1944–1945) y su continuador D. Antonio López Mazas.</p>
<p style="text-align: justify; ">   El 26 de marzo de 1.958 en Sevilla, se constituye la Asociación Nacional de Peritos Industriales, Agrupación de Andalucía, y el día 13 del mes de abril de ese año, se produce la constitución del Colegio Oficial de Peritos Industriales de Sevilla y nombramiento de su primera Junta de Gobierno, en la que aparece D. Francisco Amador Sánchez como Delegado-Presidente de Linares.</p>
<p style="text-align: justify; ">   El 2 de junio de 1.958, se acuerda constituir las Delegaciones de Jaén y Granada, manteniendo la de Linares, que funcionaría independientemente de las anteriores; es decir, la antigua Delegación de Jaén y Granada con sede en Linares, se desdobla en tres Delegaciones:</p>
<ul>
<li style="text-align: justify; ">Delegación de Jaén (con jurisdicción capital y provincia, excepto Linares), y cuyos primeros presidentes, a partir de 1958, fueron D. José Pablo Álamo Berzosa y D. Antonio Calahorro García y, posteriormente, D. Ramón Calatayud Sierra, (1960-1970), D. Luis Gea Cobo (1970-1975) y, por último, D. Antonio Pérez Valenzuela (1975-1985).</li>
<li style="text-align: justify; ">Delegación de Granada (con jurisdicción sobre capital y provincia).</li>
<li style="text-align: justify; ">Delegación de Linares (con jurisdicción sobre su partido judicial) y cuyo primer presidente de esta nueva situación fue D. Francisco Amador Sánchez (1958) y, posteriormente, D. José Conesa Rodríguez (1958-1962), D. Francisco Reche Rus (1962-1965), D. Juan Serrano Soria (1965-1970), D. Bernardo López Megino (1970-1976) y por último, D. Juan B. Lillo Gallego (1976-1985).</li>
</ul>
<p style="text-align: justify; ">   Estas tres delegaciones funcionarían dependiendo de Sevilla con sus presidentes como vocales natos de la Junta de Gobierno del Colegio de Sevilla.</p>
<p style="text-align: justify; ">   Fue en 1984, bajo la presidencia en la Delegación de Jaén de D. Antonio Pérez Valenzuela, cuando nos segregamos del Colegio de Sevilla y se creó el Ilustre Colegio Oficial de Ingenieros Técnicos Industriales de la Provincia de Jaén (Agrupación Linares-Jaén), según Decreto 104/1986 de 11 de junio.</p>
<p style="text-align: justify; ">   En aquellos tiempos el Colegio contaba con 600 colegiados, 391 Delegación de Jaén; 209 Delegación de Linares.</p>
<p style="text-align: justify; ">   Se establecen los Estatutos del Colegio que son aprobados en actas del Consejo General de Colegios del 26/3/88 y 28/5/88.</p>
<p style="text-align: justify; ">   El Consejo de Colegios Andaluces funciona desde el año 1.985 en que se inicia nuestra autonomía colegial, pero con la denominación de Intercolegial Andaluza. Se decide llamarse Consejo de Colegios, y nuestro Colegio se adhiere, según acta y certificado de 16/5/92.</p>
<p style="text-align: justify; ">   El 26 de marzo de 1985, y ya creado el Colegio como se ha indicado, toma posesión como Primer Decano del mismo D. Antonio Pérez Valenzuela.</p>
<p style="text-align: justify; ">   Durante este período, nuestro Colegio contó con dos delegaciones:</p>
<ul>
<li style="text-align: justify; ">Delegación de Jaén. Fue su primer presidente D. Carlos A. Carrillo García (1985-2003) (que cogió la presidencia que dejó D. Domingo Aspizua Sáenz, que lo era en ese momento en funciones).</li>
<li style="text-align: justify; ">Delegación de Linares. Su primer presidente en esta nueva situación fue, D. Juan B. Lillo Gallego (1985-1995), que ya lo venía ejerciendo, y posteriormente D. Silvestre Rodríguez García (1995-2002), D. Julio Delgado Gómez (2002-2004),  D. Ignacio Mula Sanz (2004-2015), Dª Linarejos Ginés González, como Presidenta en funciones, tras la dimisión del Sr, Mula (2016), siendo precedida por D. Bartolomé Soriano Bautista, en funciones desde 2016 hasta las elecciones del 2017 en que entró como Presidente electo.</li>
</ul>
<p style="text-align: justify; ">   El B.O.E. del día 1 de febrero de 2.003, publica el Real Decreto 104/2003 de 24 de enero, por el que se aprueban los Estatutos Generales de Colegios de Peritos e Ingenieros Técnicos Industriales y de su Consejo General.</p>
<p style="text-align: justify; ">   La peculiar estructura organizativa que tenía el Colegio de la provincia de Jaén, desde su constitución, permitía que, como hasta ahora, coexistieran dos delegaciones agrupadas, una de ellas en Linares, y otra en la misma demarcación de la capital de la provincia. Con los nuevos Estatutos Generales, esta última delegación, la de Jaén, no pudo seguir existiendo.</p>
<p style="text-align: justify; ">   A partir de esta fecha, y en aplicación de la norma a la actual situación, el Colegio provincial con la nueva denominación de “Ilustre Colegio Oficial de Ingenieros Técnicos Industriales de Jaén”, con sede en Jaén capital, seguirá cumpliendo sus funciones corporativas, asumiendo, por la impuesta desaparición de la Delegación de Jaén, todas las funciones que ésta venía desempeñando de atención y prestación de servicios corporativos y estatutarios a los colegiados, y manteniéndose la Delegación de Linares con las funciones y prestación de servicios a los colegiados inscritos en su demarcación, como hasta ahora por delegación del Colegio provincial.</p>
<p style="text-align: justify; ">   Desde su constitución, se han celebrado puntualmente elecciones colegiales para los cargos de Junta de Gobierno por periodos de 4 años.</p>
<p style="text-align: justify; ">   El 20 de marzo de 2009 toma posesión como Decano del Ilustre Colegio Oficial de Ingenieros Técnicos Industriales de Jaén, D. Miguel Ángel Puebla Hernanz, hasta 2017, en que toma el relevo D. Pedro M. García Molina, tras la celebración elecciones.</p>
</p>
<p style="text-align: justify; ">   En 16 de enero de 2018 se produjo el fallecimiento de D. Pedro M. García Molina, por lo que, tras la celebración de Junta de Gobierno de 19 de enero y en cumplimiento de lo establecido en los Estatutos Particulares del Colegio, asume las atribuciones de Decano D. Rafael Fernández Mesa. </p>
<p style="text-align: justify; ">   El ámbito de actuación y el espectro de servicios que presta el Colegio es amplísimo. En la actualidad funcionan las siguientes SECCIONES permanentes de:</p>
<ul>
<li style="text-align: justify; ">Ejercicio Libre</li>
<li style="text-align: justify; ">Vinculados a Empresas</li>
<li style="text-align: justify; ">Posgraduado y Formación</li>
<li style="text-align: justify; ">Bolsa de Trabajo</li>
<li style="text-align: justify; ">Función Pública</li>
<li style="text-align: justify; ">Enseñanza Universitaria y No Universitaria</li>
<li style="text-align: justify; ">Relaciones Institucionales</li>
<li style="text-align: justify; ">M.U.P.I.T.I. Actividades Sociales,  Culturales y Deportivas</li>
<li style="text-align: justify; ">Protocolo y Distinciones</li>
<li style="text-align: justify; ">Seguros</li>
<li style="text-align: justify; ">Nuevas Tecnologías</li>
</ul>
<p style="text-align: justify; ">   Cuentan sus colegiados con otros servicios:</p>
</p>
<ul>
<li style="text-align: justify; ">Secretaría Técnica</li>
<li style="text-align: justify; ">Biblioteca</li>
<li style="text-align: justify; ">Página Web.</li>
<li style="text-align: justify; ">Seguro de Responsabilidad Civil</li>
</ul>
<p style="text-align: justify; ">   Además, los colegiados reciben la Revista nacional «TÉCNICA INDUSTRIAL».</p>
<p style="text-align: justify; ">   En su actividad ordinaria de funcionamiento, relaciones, acciones, y tareas del Colegio, institucionalmente se realizan visitas de índole social, cultural o técnica en Diputaciones, Ayuntamientos, Delegación de Industria, Universidad, y otros Organismos Oficiales, así como a entidades bancarias a efectos de convenios y coordinación de determinadas funciones colegiales y de nuestros profesionales.</p>
<p style="text-align: justify; ">   Así, tenemos establecido convenio con la Universidad, con el Excmo. Ayuntamiento de Jaén y con la «Fundación Técnica Industrial». Las relaciones con instituciones, como Ayuntamiento, Delegaciones provinciales etc., así como con la Consejería y con la que, fundamental y oficialmente, se relaciona nuestro Colegio, son la constante en el funcionamiento, desarrollo y trabajo diario de nuestra vida corporativa.</p>
<p style="text-align: justify; ">   Las relativas a los asuntos que pueden dar trabajo para nuestros colegiados que, en definitiva, es la función principal hoy del Colegio, es decir, defender la profesión, con la organización descrita, conseguirán más trabajo y seguridad para nuestro colectivo.</p>
<p style="text-align: justify; ">   Actualmente el Colegio está seriamente implicado en la defensa de su profesión, dentro de su vinculación también con al U.A.I.T.I.E. (Unión de Asociaciones de Ingenieros Técnicos Industriales de España), ante los cambios legislativos relacionados con su titulación, y las nuevas configuraciones de Título de Grado y Postgrado que se nos vienen imponiendo por directrices de la Comunidad Europea.</p>
<p style="text-align: justify; ">      En conclusión, nuestro Colegio es una gran familia, con ideas y pensamientos colegiales comunes: El Colegio es de todos y con el fin último de dar un servicio a la sociedad, haciendo Colegio PARTICIPAMOS TODOS.</p>
</div></div></div></div></div>
