{"id":1106,"date":"2026-03-05T15:31:33","date_gmt":"2026-03-05T15:31:33","guid":{"rendered":"https:\/\/cogitijaen.adasistemas.com\/?page_id=1106"},"modified":"2026-06-09T07:42:46","modified_gmt":"2026-06-09T07:42:46","slug":"actividades-sociales-culturales-y-deportivas","status":"publish","type":"page","link":"https:\/\/cogitijaen.adasistemas.com\/index.php\/actividades-sociales-culturales-y-deportivas\/","title":{"rendered":"Actividades Sociales, Culturales y Deportivas"},"content":{"rendered":"<div class=\"fusion-fullwidth fullwidth-box fusion-builder-row-1 fusion-flex-container has-pattern-background has-mask-background nonhundred-percent-fullwidth non-hundred-percent-height-scrolling\" style=\"--awb-border-radius-top-left:0px;--awb-border-radius-top-right:0px;--awb-border-radius-bottom-right:0px;--awb-border-radius-bottom-left:0px;--awb-flex-wrap:wrap;\" ><div class=\"fusion-builder-row fusion-row fusion-flex-align-items-flex-start fusion-flex-content-wrap\" style=\"max-width:1216.8px;margin-left: calc(-4% \/ 2 );margin-right: calc(-4% \/ 2 );\"><div class=\"fusion-layout-column fusion_builder_column fusion-builder-column-0 fusion_builder_column_1_1 1_1 fusion-flex-column\" style=\"--awb-bg-size:cover;--awb-width-large:100%;--awb-margin-top-large:0px;--awb-spacing-right-large:1.92%;--awb-margin-bottom-large:15px;--awb-spacing-left-large:1.92%;--awb-width-medium:100%;--awb-order-medium:0;--awb-spacing-right-medium:1.92%;--awb-spacing-left-medium:1.92%;--awb-width-small:100%;--awb-order-small:0;--awb-spacing-right-small:1.92%;--awb-spacing-left-small:1.92%;\"><div class=\"fusion-column-wrapper fusion-column-has-shadow fusion-flex-justify-content-flex-start fusion-content-layout-column\"><div class=\"fusion-text fusion-text-1\"><p style=\"text-align: justify; \">Comisi\u00f3n presidida por el Decano D. Rafael Fern\u00e1ndez Mesa, junto con los miembros de Junta que se citan a continuaci\u00f3n: <\/p>\n<\/p>\n<p style=\"text-align: justify; \"><u>Vocales:<\/u><\/p>\n<\/p>\n<ul>\n<li style=\"text-align: justify; \">D. David de la Torre Ramiro<\/li>\n<li style=\"text-align: justify; \">D. \u00c1ngel Mar\u00eda Abad Le\u00f3n<\/li>\n<li style=\"text-align: justify; \">D. Alberto Manuel Chamocho Bellido <\/li>\n<\/ul>\n<p style=\"text-align: justify; \">Ser\u00e1n sus funciones:<\/p>\n<\/p>\n<p style=\"text-align: justify; padding-left: 40px;\">a) Organizar actos sociales para fomento de la convivencia, compa\u00f1erismo y hermandad entre colegiados.<\/p>\n<p style=\"padding-left: 40px;\">\n<p style=\"text-align: justify; padding-left: 40px;\">b) Organizar actos culturales cualquiera que sea su naturaleza, dentro de los objetivos sociales del Colegio.<\/p>\n<p style=\"padding-left: 40px;\">\n<p style=\"text-align: justify; padding-left: 40px;\">c)  Organizar y fomentar la participaci\u00f3n de los colegiados en actividades deportivas.<\/p>\n<\/div><\/div><\/div><\/div><\/div>\n","protected":false},"excerpt":{"rendered":"","protected":false},"author":1,"featured_media":0,"parent":0,"menu_order":0,"comment_status":"closed","ping_status":"closed","template":"","meta":{"footnotes":""},"class_list":["post-1106","page","type-page","status-publish","hentry"],"_links":{"self":[{"href":"https:\/\/cogitijaen.adasistemas.com\/index.php\/wp-json\/wp\/v2\/pages\/1106","targetHints":{"allow":["GET"]}}],"collection":[{"href":"https:\/\/cogitijaen.adasistemas.com\/index.php\/wp-json\/wp\/v2\/pages"}],"about":[{"href":"https:\/\/cogitijaen.adasistemas.com\/index.php\/wp-json\/wp\/v2\/types\/page"}],"author":[{"embeddable":true,"href":"https:\/\/cogitijaen.adasistemas.com\/index.php\/wp-json\/wp\/v2\/users\/1"}],"replies":[{"embeddable":true,"href":"https:\/\/cogitijaen.adasistemas.com\/index.php\/wp-json\/wp\/v2\/comments?post=1106"}],"version-history":[{"count":3,"href":"https:\/\/cogitijaen.adasistemas.com\/index.php\/wp-json\/wp\/v2\/pages\/1106\/revisions"}],"predecessor-version":[{"id":3322,"href":"https:\/\/cogitijaen.adasistemas.com\/index.php\/wp-json\/wp\/v2\/pages\/1106\/revisions\/3322"}],"wp:attachment":[{"href":"https:\/\/cogitijaen.adasistemas.com\/index.php\/wp-json\/wp\/v2\/media?parent=1106"}],"curies":[{"name":"wp","href":"https:\/\/api.w.org\/{rel}","templated":true}]}}

<div class="fusion-fullwidth fullwidth-box fusion-builder-row-1 fusion-flex-container has-pattern-background has-mask-background nonhundred-percent-fullwidth non-hundred-percent-height-scrolling" style="--awb-border-radius-top-left:0px;--awb-border-radius-top-right:0px;--awb-border-radius-bottom-right:0px;--awb-border-radius-bottom-left:0px;--awb-flex-wrap:wrap;" ><div class="fusion-builder-row fusion-row fusion-flex-align-items-flex-start fusion-flex-content-wrap" style="max-width:1216.8px;margin-left: calc(-4% / 2 );margin-right: calc(-4% / 2 );"><div class="fusion-layout-column fusion_builder_column fusion-builder-column-0 fusion_builder_column_1_1 1_1 fusion-flex-column" style="--awb-bg-size:cover;--awb-width-large:100%;--awb-margin-top-large:0px;--awb-spacing-right-large:1.92%;--awb-margin-bottom-large:15px;--awb-spacing-left-large:1.92%;--awb-width-medium:100%;--awb-order-medium:0;--awb-spacing-right-medium:1.92%;--awb-spacing-left-medium:1.92%;--awb-width-small:100%;--awb-order-small:0;--awb-spacing-right-small:1.92%;--awb-spacing-left-small:1.92%;"><div class="fusion-column-wrapper fusion-column-has-shadow fusion-flex-justify-content-flex-start fusion-content-layout-column"><div class="fusion-text fusion-text-1"><p style="text-align: justify; ">Comisión presidida por el Decano D. Rafael Fernández Mesa, junto con los miembros de Junta que se citan a continuación: </p>
</p>
<p style="text-align: justify; "><u>Vocales:</u></p>
</p>
<ul>
<li style="text-align: justify; ">D. David de la Torre Ramiro</li>
<li style="text-align: justify; ">D. Ángel María Abad León</li>
<li style="text-align: justify; ">D. Alberto Manuel Chamocho Bellido </li>
</ul>
<p style="text-align: justify; ">Serán sus funciones:</p>
</p>
<p style="text-align: justify; padding-left: 40px;">a) Organizar actos sociales para fomento de la convivencia, compañerismo y hermandad entre colegiados.</p>
<p style="padding-left: 40px;">
<p style="text-align: justify; padding-left: 40px;">b) Organizar actos culturales cualquiera que sea su naturaleza, dentro de los objetivos sociales del Colegio.</p>
<p style="padding-left: 40px;">
<p style="text-align: justify; padding-left: 40px;">c)  Organizar y fomentar la participación de los colegiados en actividades deportivas.</p>
</div></div></div></div></div>
