{"id":1090,"date":"2026-03-05T13:26:47","date_gmt":"2026-03-05T13:26:47","guid":{"rendered":"https:\/\/cogitijaen.adasistemas.com\/?page_id=1090"},"modified":"2026-06-09T07:42:13","modified_gmt":"2026-06-09T07:42:13","slug":"relaciones-institucionales","status":"publish","type":"page","link":"https:\/\/cogitijaen.adasistemas.com\/index.php\/relaciones-institucionales\/","title":{"rendered":"Relaciones Institucionales"},"content":{"rendered":"<div class=\"fusion-fullwidth fullwidth-box fusion-builder-row-1 fusion-flex-container has-pattern-background has-mask-background nonhundred-percent-fullwidth non-hundred-percent-height-scrolling\" style=\"--awb-border-radius-top-left:0px;--awb-border-radius-top-right:0px;--awb-border-radius-bottom-right:0px;--awb-border-radius-bottom-left:0px;--awb-flex-wrap:wrap;\" ><div class=\"fusion-builder-row fusion-row fusion-flex-align-items-flex-start fusion-flex-content-wrap\" style=\"max-width:1216.8px;margin-left: calc(-4% \/ 2 );margin-right: calc(-4% \/ 2 );\"><div class=\"fusion-layout-column fusion_builder_column fusion-builder-column-0 fusion_builder_column_1_1 1_1 fusion-flex-column\" style=\"--awb-bg-size:cover;--awb-width-large:100%;--awb-margin-top-large:0px;--awb-spacing-right-large:1.92%;--awb-margin-bottom-large:15px;--awb-spacing-left-large:1.92%;--awb-width-medium:100%;--awb-order-medium:0;--awb-spacing-right-medium:1.92%;--awb-spacing-left-medium:1.92%;--awb-width-small:100%;--awb-order-small:0;--awb-spacing-right-small:1.92%;--awb-spacing-left-small:1.92%;\"><div class=\"fusion-column-wrapper fusion-column-has-shadow fusion-flex-justify-content-flex-start fusion-content-layout-column\"><div class=\"fusion-text fusion-text-1\"><p style=\"text-align: justify; \">Comisi\u00f3n presidida por el Decano D. Rafael Fern\u00e1ndez Mesa, junto con los miembros de Junta que se citan a continuaci\u00f3n: <\/p>\n<\/p>\n<p style=\"text-align: justify; \"><u>Vocal:<\/u><\/p>\n<\/p>\n<ul>\n<li style=\"text-align: justify; \">D. Antonio Ruano Quesada<\/li>\n<\/ul>\n<p style=\"text-align: justify; \">Esta comisi\u00f3n se encarga, principalmente, de participar en representaci\u00f3n del Colegio en reuniones o actos con Administraciones o Entidades, cuando traten de cuestiones que afecten a este colectivo.<\/p>\n<\/div><\/div><\/div><\/div><\/div>\n","protected":false},"excerpt":{"rendered":"","protected":false},"author":1,"featured_media":0,"parent":0,"menu_order":0,"comment_status":"closed","ping_status":"closed","template":"","meta":{"footnotes":""},"class_list":["post-1090","page","type-page","status-publish","hentry"],"_links":{"self":[{"href":"https:\/\/cogitijaen.adasistemas.com\/index.php\/wp-json\/wp\/v2\/pages\/1090","targetHints":{"allow":["GET"]}}],"collection":[{"href":"https:\/\/cogitijaen.adasistemas.com\/index.php\/wp-json\/wp\/v2\/pages"}],"about":[{"href":"https:\/\/cogitijaen.adasistemas.com\/index.php\/wp-json\/wp\/v2\/types\/page"}],"author":[{"embeddable":true,"href":"https:\/\/cogitijaen.adasistemas.com\/index.php\/wp-json\/wp\/v2\/users\/1"}],"replies":[{"embeddable":true,"href":"https:\/\/cogitijaen.adasistemas.com\/index.php\/wp-json\/wp\/v2\/comments?post=1090"}],"version-history":[{"count":3,"href":"https:\/\/cogitijaen.adasistemas.com\/index.php\/wp-json\/wp\/v2\/pages\/1090\/revisions"}],"predecessor-version":[{"id":3318,"href":"https:\/\/cogitijaen.adasistemas.com\/index.php\/wp-json\/wp\/v2\/pages\/1090\/revisions\/3318"}],"wp:attachment":[{"href":"https:\/\/cogitijaen.adasistemas.com\/index.php\/wp-json\/wp\/v2\/media?parent=1090"}],"curies":[{"name":"wp","href":"https:\/\/api.w.org\/{rel}","templated":true}]}}

<div class="fusion-fullwidth fullwidth-box fusion-builder-row-1 fusion-flex-container has-pattern-background has-mask-background nonhundred-percent-fullwidth non-hundred-percent-height-scrolling" style="--awb-border-radius-top-left:0px;--awb-border-radius-top-right:0px;--awb-border-radius-bottom-right:0px;--awb-border-radius-bottom-left:0px;--awb-flex-wrap:wrap;" ><div class="fusion-builder-row fusion-row fusion-flex-align-items-flex-start fusion-flex-content-wrap" style="max-width:1216.8px;margin-left: calc(-4% / 2 );margin-right: calc(-4% / 2 );"><div class="fusion-layout-column fusion_builder_column fusion-builder-column-0 fusion_builder_column_1_1 1_1 fusion-flex-column" style="--awb-bg-size:cover;--awb-width-large:100%;--awb-margin-top-large:0px;--awb-spacing-right-large:1.92%;--awb-margin-bottom-large:15px;--awb-spacing-left-large:1.92%;--awb-width-medium:100%;--awb-order-medium:0;--awb-spacing-right-medium:1.92%;--awb-spacing-left-medium:1.92%;--awb-width-small:100%;--awb-order-small:0;--awb-spacing-right-small:1.92%;--awb-spacing-left-small:1.92%;"><div class="fusion-column-wrapper fusion-column-has-shadow fusion-flex-justify-content-flex-start fusion-content-layout-column"><div class="fusion-text fusion-text-1"><p style="text-align: justify; ">Comisión presidida por el Decano D. Rafael Fernández Mesa, junto con los miembros de Junta que se citan a continuación: </p>
</p>
<p style="text-align: justify; "><u>Vocal:</u></p>
</p>
<ul>
<li style="text-align: justify; ">D. Antonio Ruano Quesada</li>
</ul>
<p style="text-align: justify; ">Esta comisión se encarga, principalmente, de participar en representación del Colegio en reuniones o actos con Administraciones o Entidades, cuando traten de cuestiones que afecten a este colectivo.</p>
</div></div></div></div></div>
