{"id":1070,"date":"2026-03-05T12:54:54","date_gmt":"2026-03-05T12:54:54","guid":{"rendered":"https:\/\/cogitijaen.adasistemas.com\/?page_id=1070"},"modified":"2026-06-09T07:41:29","modified_gmt":"2026-06-09T07:41:29","slug":"vinculados-a-empresas","status":"publish","type":"page","link":"https:\/\/cogitijaen.adasistemas.com\/index.php\/vinculados-a-empresas\/","title":{"rendered":"Vinculados a empresas"},"content":{"rendered":"<div class=\"fusion-fullwidth fullwidth-box fusion-builder-row-1 fusion-flex-container has-pattern-background has-mask-background nonhundred-percent-fullwidth non-hundred-percent-height-scrolling\" style=\"--awb-border-radius-top-left:0px;--awb-border-radius-top-right:0px;--awb-border-radius-bottom-right:0px;--awb-border-radius-bottom-left:0px;--awb-flex-wrap:wrap;\" ><div class=\"fusion-builder-row fusion-row fusion-flex-align-items-flex-start fusion-flex-content-wrap\" style=\"max-width:1216.8px;margin-left: calc(-4% \/ 2 );margin-right: calc(-4% \/ 2 );\"><div class=\"fusion-layout-column fusion_builder_column fusion-builder-column-0 fusion_builder_column_1_1 1_1 fusion-flex-column\" style=\"--awb-bg-size:cover;--awb-width-large:100%;--awb-margin-top-large:0px;--awb-spacing-right-large:1.92%;--awb-margin-bottom-large:15px;--awb-spacing-left-large:1.92%;--awb-width-medium:100%;--awb-order-medium:0;--awb-spacing-right-medium:1.92%;--awb-spacing-left-medium:1.92%;--awb-width-small:100%;--awb-order-small:0;--awb-spacing-right-small:1.92%;--awb-spacing-left-small:1.92%;\"><div class=\"fusion-column-wrapper fusion-column-has-shadow fusion-flex-justify-content-flex-start fusion-content-layout-column\"><div class=\"fusion-text fusion-text-1\"><p style=\"text-align: justify; \">Comisi\u00f3n presidida por el Decano D. Rafael Fern\u00e1ndez Mesa, junto con los miembros de Junta que se citan a continuaci\u00f3n: <\/p>\n<\/p>\n<p style=\"text-align: justify; \"><u>Vocales:<\/u><\/p>\n<\/p>\n<ul>\n<li style=\"text-align: justify; \">D. Jos\u00e9 Mar\u00eda Duro Romero<\/li>\n<li style=\"text-align: justify; \">D\u00aa. F\u00e1tima Lillo Bueno<\/li>\n<\/ul>\n<p style=\"text-align: justify; \">Esta comisi\u00f3n se encarga principalmente de los siguientes cometidos:<\/p>\n<p style=\"text-align: justify; padding-left: 40px;\">a) Estar al corriente de la legislaci\u00f3n laboral, asesorar y encauzar a los colegiados de forma que quede asegurada la colaboraci\u00f3n y asesoramiento a los \u00d3rganos P\u00fablicos, Corporaciones, etc.<\/p>\n<p style=\"text-align: justify; padding-left: 40px;\">b) Desarrollar la labor necesaria para el estudio y la adecuada revisi\u00f3n de los Convenios Colectivos o Reglamentaciones de Trabajo que puedan afectar a los colegiados que presten sus servicios en empresas sometidas a aquellos convenios y reglamentaciones.<\/p>\n<p style=\"text-align: justify; padding-left: 40px;\">Para ello tendr\u00e1 en cuenta toda actividad laboral, equipar\u00e1ndolas por los mismos cauces naturales de las dem\u00e1s ramas de producci\u00f3n y servicios, que puedan afectar a los colegiados dentro del \u00e1mbito del Colegio.<\/p>\n<p style=\"text-align: justify; padding-left: 40px;\">Deber\u00e1 recabar la colaboraci\u00f3n de los colegiados para estudiar la inclusi\u00f3n, adecuada clasificaci\u00f3n o reconocimiento del t\u00edtulo profesional y de los emolumentos correspondientes en las industrias, actividades o prestaciones de servicios.<\/p>\n<p style=\"text-align: justify; padding-left: 40px;\">Propondr\u00e1 a la Junta de Gobierno la aprobaci\u00f3n de los estudios y de las enmiendas realizadas que afecten a una determinada rama y que, por su inter\u00e9s, sean de extensi\u00f3n al \u00e1mbito nacional.<\/p>\n<p style=\"text-align: justify; padding-left: 40px;\">c) Asesorar a los colegiados sobre convenios colectivos de orden provincial o regional.<\/p>\n<p style=\"text-align: justify; padding-left: 40px;\">d) Informar, a trav\u00e9s de la Junta de Gobierno, al Consejo General de Colegios o al Consejo Andaluz, en los casos que puedan producir convenios de \u00e1mbito nacional o auton\u00f3mico y, por el mismo tr\u00e1mite, elevar tambi\u00e9n cuantos estudios se realicen relativos al reconocimiento, actividad, clasificaci\u00f3n, justa remuneraci\u00f3n, etc., de los titulados que tiendan a modificar o ampliar reglamentaci\u00f3n nacional o negociaci\u00f3n colectiva.<\/p>\n<ul>\n<\/ul>\n<\/div><\/div><\/div><\/div><\/div>\n","protected":false},"excerpt":{"rendered":"","protected":false},"author":1,"featured_media":0,"parent":0,"menu_order":0,"comment_status":"closed","ping_status":"closed","template":"","meta":{"footnotes":""},"class_list":["post-1070","page","type-page","status-publish","hentry"],"_links":{"self":[{"href":"https:\/\/cogitijaen.adasistemas.com\/index.php\/wp-json\/wp\/v2\/pages\/1070","targetHints":{"allow":["GET"]}}],"collection":[{"href":"https:\/\/cogitijaen.adasistemas.com\/index.php\/wp-json\/wp\/v2\/pages"}],"about":[{"href":"https:\/\/cogitijaen.adasistemas.com\/index.php\/wp-json\/wp\/v2\/types\/page"}],"author":[{"embeddable":true,"href":"https:\/\/cogitijaen.adasistemas.com\/index.php\/wp-json\/wp\/v2\/users\/1"}],"replies":[{"embeddable":true,"href":"https:\/\/cogitijaen.adasistemas.com\/index.php\/wp-json\/wp\/v2\/comments?post=1070"}],"version-history":[{"count":3,"href":"https:\/\/cogitijaen.adasistemas.com\/index.php\/wp-json\/wp\/v2\/pages\/1070\/revisions"}],"predecessor-version":[{"id":3313,"href":"https:\/\/cogitijaen.adasistemas.com\/index.php\/wp-json\/wp\/v2\/pages\/1070\/revisions\/3313"}],"wp:attachment":[{"href":"https:\/\/cogitijaen.adasistemas.com\/index.php\/wp-json\/wp\/v2\/media?parent=1070"}],"curies":[{"name":"wp","href":"https:\/\/api.w.org\/{rel}","templated":true}]}}

<div class="fusion-fullwidth fullwidth-box fusion-builder-row-1 fusion-flex-container has-pattern-background has-mask-background nonhundred-percent-fullwidth non-hundred-percent-height-scrolling" style="--awb-border-radius-top-left:0px;--awb-border-radius-top-right:0px;--awb-border-radius-bottom-right:0px;--awb-border-radius-bottom-left:0px;--awb-flex-wrap:wrap;" ><div class="fusion-builder-row fusion-row fusion-flex-align-items-flex-start fusion-flex-content-wrap" style="max-width:1216.8px;margin-left: calc(-4% / 2 );margin-right: calc(-4% / 2 );"><div class="fusion-layout-column fusion_builder_column fusion-builder-column-0 fusion_builder_column_1_1 1_1 fusion-flex-column" style="--awb-bg-size:cover;--awb-width-large:100%;--awb-margin-top-large:0px;--awb-spacing-right-large:1.92%;--awb-margin-bottom-large:15px;--awb-spacing-left-large:1.92%;--awb-width-medium:100%;--awb-order-medium:0;--awb-spacing-right-medium:1.92%;--awb-spacing-left-medium:1.92%;--awb-width-small:100%;--awb-order-small:0;--awb-spacing-right-small:1.92%;--awb-spacing-left-small:1.92%;"><div class="fusion-column-wrapper fusion-column-has-shadow fusion-flex-justify-content-flex-start fusion-content-layout-column"><div class="fusion-text fusion-text-1"><p style="text-align: justify; ">Comisión presidida por el Decano D. Rafael Fernández Mesa, junto con los miembros de Junta que se citan a continuación: </p>
</p>
<p style="text-align: justify; "><u>Vocales:</u></p>
</p>
<ul>
<li style="text-align: justify; ">D. José María Duro Romero</li>
<li style="text-align: justify; ">Dª. Fátima Lillo Bueno</li>
</ul>
<p style="text-align: justify; ">Esta comisión se encarga principalmente de los siguientes cometidos:</p>
<p style="text-align: justify; padding-left: 40px;">a) Estar al corriente de la legislación laboral, asesorar y encauzar a los colegiados de forma que quede asegurada la colaboración y asesoramiento a los Órganos Públicos, Corporaciones, etc.</p>
<p style="text-align: justify; padding-left: 40px;">b) Desarrollar la labor necesaria para el estudio y la adecuada revisión de los Convenios Colectivos o Reglamentaciones de Trabajo que puedan afectar a los colegiados que presten sus servicios en empresas sometidas a aquellos convenios y reglamentaciones.</p>
<p style="text-align: justify; padding-left: 40px;">Para ello tendrá en cuenta toda actividad laboral, equiparándolas por los mismos cauces naturales de las demás ramas de producción y servicios, que puedan afectar a los colegiados dentro del ámbito del Colegio.</p>
<p style="text-align: justify; padding-left: 40px;">Deberá recabar la colaboración de los colegiados para estudiar la inclusión, adecuada clasificación o reconocimiento del título profesional y de los emolumentos correspondientes en las industrias, actividades o prestaciones de servicios.</p>
<p style="text-align: justify; padding-left: 40px;">Propondrá a la Junta de Gobierno la aprobación de los estudios y de las enmiendas realizadas que afecten a una determinada rama y que, por su interés, sean de extensión al ámbito nacional.</p>
<p style="text-align: justify; padding-left: 40px;">c) Asesorar a los colegiados sobre convenios colectivos de orden provincial o regional.</p>
<p style="text-align: justify; padding-left: 40px;">d) Informar, a través de la Junta de Gobierno, al Consejo General de Colegios o al Consejo Andaluz, en los casos que puedan producir convenios de ámbito nacional o autonómico y, por el mismo trámite, elevar también cuantos estudios se realicen relativos al reconocimiento, actividad, clasificación, justa remuneración, etc., de los titulados que tiendan a modificar o ampliar reglamentación nacional o negociación colectiva.</p>
<ul>
</ul>
</div></div></div></div></div>
